 = d, c = -3*f + 7*f + 4. What is the units digit of b?
9
Let q = -6511 - -52349. What is the thousands digit of q?
5
Suppose 216 = -4*z + 36. Let o = z - -34. Let q = o + 28. What is the units digit of q?
7
Let k = -330 - -765. Suppose -2*w - 6 = 0, 5*d - 2765 = -5*w - k. What is the hundreds digit of d?
4
Let h(w) = w**3 + w**2 - 10*w + 43. Let j(p) = -p**3 + 4*p**2 - 6*p + 19. Let b be j(3). What is the thousands digit of h(b)?
1
Let o be 11/(-1)*44 - -4. Let m be (-2)/(-7) + -6 + o/(-35). Let v = m - -132. What is the hundreds digit of v?
1
Suppose 3*z + d - 141257 = 0, -319*d = -3*z - 314*d + 141299. What is the thousands digit of z?
7
Let a(r) = r**3 + 4*r**2 + 3*r + 3. Let n be a(-5). Let d(i) = -7*i**2 - 65*i + 6. Let x be d(-10). Let s = n - x. What is the units digit of s?
7
Let k(h) = -51*h - 37. Let t(a) = -a**3 - 8*a**2 - 5. Let m be t(-8). What is the hundreds digit of k(m)?
2
Let j = 12679 + 419. What is the thousands digit of j?
3
Let b(g) be the third derivative of g**5/60 - 5*g**4/4 - 10*g**3 + g**2 + 54*g. What is the units digit of b(51)?
1
Suppose k + 5*y + 21 = 2*k, 5*y + 25 = 0. What is the hundreds digit of (-6)/k + 8036/56?
1
Let y(z) = -13*z - 1635*z**2 + 1590*z**2 - 14 + 2*z. Let i be y(-13). What is the tens digit of (i/(-105))/(4/10)?
7
Suppose 18 + 3 = d + 3*r, -3*d = -3*r - 75. Suppose 0 = -s + 35 + d. What is the tens digit of s?
5
Let d(h) = -25*h - 1. Let g(b) = b. Let m(r) = d(r) + 3*g(r). What is the units digit of m(-12)?
3
Let l(d) = -31*d - 6. Let j(r) = -r**2 + 25*r + 26. Let v be j(23). Let k = v + -74. What is the units digit of l(k)?
6
Let y(d) = -2595*d + 411. What is the tens digit of y(-3)?
9
What is the thousands digit of (-43235)/(-15) + 4 + 30/(-9)?
2
Let c(b) = -b**3 - 18*b**2 + 14*b - 6. Let k be c(-19). Suppose 3*j = -3*y + 69, 5*j - 5*y - 16 - k = 0. Suppose 44 = 3*s - j. What is the units digit of s?
2
Suppose 79*t - 82*t = 0, -t - 75892 = -4*w - 0*t. What is the ten thousands digit of w?
1
Suppose -9*i + 45385 = 5*s, -2*s + 8556 + 6574 = 3*i. What is the units digit of i?
0
Let o be (-70)/(-28)*(-24)/15. What is the tens digit of 53700/35 + o + (-4)/14?
3
Suppose 5*v - 459 = 4*v - 3*d, -2*d = 3*v - 1384. Suppose -2*g = -4*k + 370, 2*g + v = 2*k + 3*k. What is the units digit of k?
2
Let t = -6464 + 18394. What is the thousands digit of t?
1
Let n(a) = 10*a + 134. Suppose -72 = 285*p - 279*p. What is the tens digit of n(p)?
1
Let r = 5836 - 1386. Let x = r + -2934. What is the hundreds digit of x?
5
Suppose -79*q - 15 = -94*q. What is the units digit of (12 + -10)/(q/193)?
6
Let x(o) = 13 + 4*o + 2*o**2 - 23*o + 8*o - o**2. Let u be x(-12). Suppose -5*s + u = -176. What is the units digit of s?
3
Let k = -46 - -46. Let v be k/3*(-1)/(-2). Suppose v = -5*m - 0*m + 595. What is the tens digit of m?
1
Let q(p) be the second derivative of -59*p**3/6 - 27*p**2/2 - 39*p. What is the hundreds digit of q(-8)?
4
What is the hundreds digit of -1 + 14/10 - 2623426/(-410)?
3
Suppose -35441 = -4*z - x, 52*z - 53*z - 5*x = -8846. Suppose -13*b = -z - 14838. What is the tens digit of b?
2
Suppose 0 = -r - 2*i + 4, -r = -4*r - 3*i + 12. Suppose r*v + 0 = 8. Suppose w = -v*w - 5*d + 392, -5*w + 3*d + 642 = 0. What is the units digit of w?
9
Let k(d) = -d**3 + 93*d**2 + 30*d + 11. What is the hundreds digit of k(-16)?
4
Suppose -j = 13 - 23. Suppose j*i - 8*i - 10 = 0. Suppose -i*p + 61 = -3*n, 2*p + 2*n = -3*n + 12. What is the tens digit of p?
1
Suppose 0 = -r + 3, 0*r + 3*r - 4389 = -5*h. Suppose 2*q = 3*l - h, l - 108 = q + 185. What is the units digit of l?
0
Suppose -4*j + 4*i - 6*i + 166 = 0, 209 = 5*j + 3*i. Let h(t) = t**2 - 21*t - 156. What is the units digit of h(j)?
4
Suppose 5*a = -2*p + 1120, a - 13 = -15. Let b = -239 + p. What is the tens digit of b?
2
Suppose 2*s = -2*s - 560. What is the tens digit of (-6)/(-14) - 39140/s?
8
Let l be ((-30)/9 - -1)*(-60)/10. Let k(v) = 7*v**2 - 12*v - 92. What is the thousands digit of k(l)?
1
What is the units digit of (87/(-18) - -4) + 733623/18?
6
Let y(j) be the second derivative of j**4/4 + j**3/3 - 14*j**2 - 73*j. What is the tens digit of y(-15)?
1
Suppose 0 = -62*k + 58*k - 552. Let f = k - -146. Suppose 11*r - 18 = f*r. What is the units digit of r?
6
What is the thousands digit of (-16212862)/(-1137) + 2/(-6)?
4
Let q be (-330)/40 + 9 + 146/8. Let t(v) = v**3 - 18*v**2 - 15*v + 29. What is the tens digit of t(q)?
0
Let m(a) = -17*a - 66. Let d be m(-13). Suppose -d + 270 = 5*p. Let z = 87 - p. What is the tens digit of z?
6
Let r(t) = -92*t - 45. Let c(z) = -z**2 - 9*z + 24. Let j be c(-12). What is the thousands digit of r(j)?
1
Suppose 5*d + 0*w = -4*w + 131, 0 = -4*d + w + 109. Suppose d + 188 = 5*u. Suppose -183 = -3*r - x + u, -5*r + 362 = -2*x. What is the units digit of r?
4
Suppose 33*i - 435371 - 48679 = 8*i. What is the thousands digit of i?
9
Let p be -6*(-2)/6 - 0. Let v = p - 0. Suppose -v*o - 23 + 247 = 0. What is the hundreds digit of o?
1
Let r(l) = -194*l - 106. Let u be r(5). Let a = u + 1540. What is the units digit of a?
4
Suppose 3*h - 853 = -5*z, 18*z - 5*h = 23*z - 845. What is the tens digit of z?
7
Let j(o) = -81*o + 30197. What is the tens digit of j(0)?
9
Let k(r) = r + 8. Let x be k(-12). Let a(h) = h**3 + 17*h**2 + 48*h + 24. Let b be a(-15). What is the tens digit of (b/24)/(1/x)?
4
Suppose 3*a + h = 228987, -4*a - 2*h = -202535 - 102781. What is the tens digit of a?
2
Let x(s) = 312*s + 7. Let w be x(-1). Let y = 698 + w. What is the units digit of y?
3
Let o(k) = -k + 1. Let x be o(3). Let f be 781/(-3) - x*7/(-21). What is the units digit of (1*(-2)/(-1))/((-6)/f)?
7
Let k(u) = -3*u + 17. Let o be k(5). Suppose -5*d - 3*x = -2 - 1, 14 = o*d - 2*x. Suppose -h + 95 = 3*l, d*h + 0*h = 5*l + 243. What is the tens digit of h?
8
Let u = 15666 - 13177. What is the hundreds digit of u?
4
Suppose 4*c = 9*t - 124258, -31232 = -2*t + 4*c - 3616. What is the ten thousands digit of t?
1
Suppose -25*c = -22*c + 3, m = c + 5. What is the units digit of -2 - (m + 243)/(-1)?
5
Let s(a) = -21*a - 2. Let l be s(-3). Suppose -4*c + 83 = -5*q, -4*c - q = -28 - l. What is the tens digit of c?
2
Suppose 5*r - 33 = -2*k, 3*k + 4*r = k + 28. Suppose 0 = -2*b - k*t + 228, b - 3*t - 3 = 101. Let g = 309 - b. What is the tens digit of g?
9
Let a(r) = -5*r + 0*r**3 + 22 - 3 + r**3 - 1 + 34*r**2 + 9. What is the tens digit of a(-34)?
9
Suppose z - 2*y - 4 = y, -2*y = -5*z + 7. Suppose -6 = -d - z. Suppose d*t - 204 = 4*t. What is the units digit of t?
4
Let k(c) = -c**3 - 5*c**2 - 7*c + 12. Let p be k(-6). What is the hundreds digit of (p/24)/5*788?
5
Let o(b) = 1269*b**2 + 14*b + 15. Let q be 18/(-14) + 50/175. What is the hundreds digit of o(q)?
2
Suppose -89*p + 1949889 + 2200855 = 18*p. What is the thousands digit of p?
8
Let k = 1510 - -3761. Let l = -3756 + k. What is the units digit of l?
5
Let w = 32484 - 21402. What is the ten thousands digit of w?
1
Suppose 2*g - 4*c = 92594, -107900 + 339322 = 5*g - c. What is the thousands digit of g?
6
Let r be 2/4*(-7 + (-18)/(-6)). Let c be 128/40 + r/10. Suppose -8*w + 539 = c*w. What is the units digit of w?
9
Suppose 44*o + 51718 - 96803 = 439751. What is the thousands digit of o?
1
Let v(x) = x**3 - 7*x**2 + 8*x - 14. Let o be v(6). Let m(z) = -z**3 - 3*z**2 - 4*z - 3. Let r be m(-2). What is the tens digit of 49*(o - (r + -4))?
4
What is the units digit of (2/(42/(-1757)))/(((-26)/(-288))/(-13))?
8
Let z(u) = -22*u - 217. Let y be z(-10). Suppose -y*m + 233 = 3*v - v, 0 = m - v - 76. What is the units digit of m?
7
Let j = -420 - 175. What is the units digit of (78 - 77)/((-1)/j)?
5
Suppose -12*y = -20*y. What is the units digit of -7 + 4 + 226 - y?
3
Suppose -i - 4*z + z = 3, -z = 5*i - 13. Suppose 72 = i*j + j. What is the tens digit of 1*12/(-54) - (-526)/j?
2
Suppose 6*m - 1144 = 1202. Suppose 5*l - m = 4*l - 5*y, -5*l + y = -2007. What is the units digit of l?
1
What is the ten thousands digit of 28 + -29 + 8/(-12) + (-132468)/(-9)?
1
Let k = 18678 - 18690. Let b(p) = 0*p**2 + p**2 - 14 + 18*p + 2*p**2. What is the units digit of b(k)?
2
Let v be 4 + -2 + 4 - 3. Suppose 2*t + v*t = -2*b + 200, -3*b + 277 = -4*t. What is the units digit of b?
5
Let k(b) = -1125*b + 385. What is the 